base 2?
100001100101
Convert 14987 (base 11) to base 10.
21149
Convert -341 (base 10) to base 11.
-290
-1111001100111 (base 2) to base 8
-17147
Convert 597 (base 11) to base 9.
870
-1613 (base 10) to base 6
-11245
14617 (base 8) to base 10
6543
Convert 647 (base 13) to base 14.
569
Convert -56a0 (base 11) to base 8.
-16503
What is -12122202 (base 3) in base 15?
-134e
What is 321 (base 6) in base 15?
81
2991 (base 13) to base 12
35a9
Convert 241043 (base 7) to base 6.
533452
Convert 1111212 (base 3) to base 15.
4d8
3b68 (base 15) to base 13
5a1a
What is -143 (base 13) in base 10?
-224
Convert 231210 (base 4) to base 8.
5544
Convert -a9a2 (base 12) to base 6.
-222322
-175 (base 14) to base 11
-252
What is 2122 (base 3) in base 8?
107
Convert 12021010 (base 3) to base 13.
1992
-850 (base 12) to base 8
-2274
Convert -260620 (base 7) to base 3.
-2110021221
Convert -1b3 (base 13) to base 9.
-380
Convert -42424 (base 11) to base 10.
-61736
What is -41 (base 9) in base 2?
-100101
Convert -61509 (base 10) to base 16.
-f045
6c6 (base 16) to base 5
23414
110010000101111 (base 2) to base 9
38156
Convert -1020 (base 3) to base 9.
-36
Convert 402425 (base 6) to base 3.
1121110222
Convert 690b (base 12) to base 9.
17012
What is -275a (base 16) in base 12?
-59b6
What is 20211202 (base 3) in base 16?
137c
32131 (base 4) to base 2
1110011101
5330 (base 7) to base 14
987
1454415 (base 6) to base 7
503366
Convert -200434 (base 5) to base 10.
-6369
3232 (base 6) to base 10
740
What is -101011011 (base 2) in base 7?
-1004
Convert -122100 (base 3) to base 13.
-2a0
Convert 515 (base 14) to base 9.
1330
2300 (base 8) to base 5
14331
-178d (base 15) to base 6
-35311
Convert -220100 (base 3) to base 5.
-10112
Convert e5f (base 16) to base 13.
18a0
Convert 251 (base 15) to base 16.
20e
-2021100121 (base 3) to base 9
-67317
What is 129b7 (base 13) in base 16?
8742
897 (base 11) to base 15
4b9
What is 3276 (base 8) in base 12?
bba
What is 2235 (base 6) in base 16?
20f
-1001111110 (base 2) to base 5
-10023
What is 188 (base 15) in base 6?
1345
Convert -221 (base 11) to base 15.
-12a
What is 2c0 (base 16) in base 3?
222002
What is 67634 (base 10) in base 3?
10102202222
Convert -421 (base 8) to base 16.
-111
-30220 (base 4) to base 12
-574
203000 (base 4) to base 2
100011000000
What is 271 (base 10) in base 3?
101001
320 (base 8) to base 16
d0
Convert 5402 (base 8) to base 14.
1054
-39807 (base 10) to base 4
-21231333
-5413 (base 10) to base 15
-190d
Convert -3b4 (base 13) to base 7.
-1623
Convert 11003 (base 4) to base 5.
2243
What is -14b35 (base 12) in base 6?
-343305
What is -101021 (base 3) in base 16?
-115
Convert 196 (base 15) to base 6.
1410
What is -21212 (base 4) in base 7?
-1535
b71 (base 14) to base 8
4317
21f (base 16) to base 6
2303
-11011100010000 (base 2) to base 5
-422341
401 (base 6) to base 7
265
33111 (base 5) to base 11
1794
1157 (base 12) to base 9
2584
What is 165a2 (base 12) in base 15?
96eb
Convert 42301 (base 5) to base 13.
1395
What is 10110000111100 (base 2) in base 7?
45005
Convert 705 (base 15) to base 9.
2145
Convert a0a (base 14) to base 5.
30340
179 (base 13) to base 4
10031
What is 167035 (base 8) in base 7?
342501
Convert -2211 (base 3) to base 14.
-56
What is 144 (base 9) in base 7?
232
110 (base 16) to base 11
228
What is 11022222 (base 3) in base 12?
19b2
Convert -1218 (base 11) to base 2.
-11000111000
1001110010 (base 2) to base 16
272
2249 (base 10) to base 11
1765
-98e (base 15) to base 3
-2221222
What is 1744 (base 9) in base 2?
10100111000
Convert -1323 (base 7) to base 15.
-23c
What is -129 (base 13) in base 6?
-540
-2585 (base 9) to base 6
-12552
What is -36034 (base 10) in base 9?
-54377
What is 106aa (base 12) in base 3?
1002210211
20023 (base 6) to base 8
5057
Convert 7342 (base 8) to base 6.
25350
12121 (base 4) to base 9
504
Convert 1324 (base 6) to base 13.
202
Convert 132312 (base 4) to base 12.
1186
-188 (base 9) to base 7
-320
Convert -111 (base 15) to base 5.
-1431
Convert -2c3 (base 14) to base 9.
-685
What is -897 (base 12) in base 4?
-103303
-502 (base 7) to base 4
-3313
Convert -9027 (base 10) to base 8.
-21503
What is 22913 (base 10) in base 7?
123542
-101202100 (base 3) to base 14
-2bdd
45be (base 15) to base 11
10139
What is 6293 (base 11) in base 3?
102102112
What is 8124 (base 11) in base 14?
3d11
What is -2100 (base 11) in base 2?
-101011011111
461 (base 7) to base 13
155
20200 (base 4) to base 15
264
Convert -d87 (base 15) to base 6.
-22044
What is -3401 (base 5) in base 2?
-111011100
Convert 281 (base 12) to base 6.
1441
-5e55 (base 16) to base 15
-724e
-433 (base 9) to base 6
-1350
What is 3212033 (base 4) in base 9?
22182
Convert -50b (base 13) to base 15.
-3c1
1101010000 (base 2) to base 10
848
Convert -158a8 (base 14) to base 11.
-37507
2616 (base 8) to base 16
58e
Convert 3114 (base 5) to base 15.
1c4
What is 2342 (base 6) in base 5?
4231
-102230 (base 4) to base 14
-616
What is -25a3 (base 14) in base 11?
-4a70
1444343 (base 5) to base 16
79f7
Convert 10010010011 (base 2) to base 12.
817
Convert 2131300 (base 4) to base 8.
23560
What is 1186 (base 12) in base 5?
30344
Convert -107 (base 16) to base 15.
-128
5d17 (base 15) to base 6
231434
3011 (base 4) to base 9
238
Convert -22704 (base 8) to base 13.
-4529
-10450 (base 9) to base 7
-26130
-774 (base 13) to base 2
-10011111110
What is -35409 (base 11) in base 13?
-1a327
What is -100304 (base 5) in base 13?
-15c6
719 (base 10) to base 7
2045
10272 (base 8) to base 5
114112
Convert -a27a (base 11) to base 2.
-11010101000111
Convert 2905 (base 16) to base 4.
2210011
Convert 2070 (base 9) to base 15.
6b6
What is -3bc (base 16) in base 11?
-79a
121020 (base 3) to base 4
12312
What is -1621 (base 12) in base 7?
-10426
Convert 36572 (base 8) to base 10.
15738
Convert -10470 (base 8) to base 2.
-1000100111000
Convert -1121022 (base 4) to base 11.
-4318
304 (base 11) to base 8
557
15ac0 (base 13) to base 3
2002210001
33 (base 14) to base 2
101101
What is -1310320 (base 4) in base 10?
-7480
What is 2103013 (base 4) in base 12?
5547
1867 (base 13) to base 5
104014
-2201 (base 8) to base 14
-5c5
10125 (base 8) to base 12
2505
What is -67231 (base 8) in base 14?
-a465
Convert -10001 (base 9) to base 11.
-4a26
What is -4b1 (base 16) in base 15?
-551
What is 59dc (base 14) in base 15?
49a3
Convert -593 (base 14) to base 8.
-2125
Convert 611 (base 12) to base 13.
526
What is 8 (base 12) in base 3?
22
Convert 2002120000 (base 3) to base 11.
28a81
What is 761 (base 9) in base 16?
26e
What is -4370 (base 9) in base 2?
-110010010110
19946 (base 10) to base 16
4dea
Convert 892 (base 10) to base 13.
538
Convert 2101303 (base 4) to base 3.
110210121
3410 (base 5) to base 15
220
Convert 1011001001101 (base 2) to base 13.
27a2
What is -50412 (base 6) in base 5?
-203012
What is 222313 (base 6) in base 10?
18693
26812 (base 11) to base 3
1221110122
Convert 11a (base 12) to base 2.
10100110
What is 16422 (base 7) in base 14?
19b9
Convert 13c5 (base 15) to base 12.
254b
Convert 20632 (base 9) to base 4.
3111011
20404 (base 5) to base 3
1212011
What is -7b (base 12) in base 16?
-5f
Convert 37663 (base 9) to base 4.
12023301
What is 220 (base 14) in base 13?
264
What is -85741 (base 9) in base 7?
-324262
-533a (base 16) to base 14
-7a9c
Convert -21238 (base 12) to base 11.
-2a785
455 (base 15) to base 10
980
What is 63 (base 14) in base 5?
322
What is 440213 (base 6) in base 12?
19069
What is -1702 (base 8) in base 14?
-4ca
Convert 337 (base 16) to base 7.
2254
What is 1660 (base 8) in base 7?
2516
What is 8a1c (base 14) in base 12?
11a2a
What is -22022101 (base 3) in base 12?
-360a
What is -4cc (base 15) in base 16?
-444
Convert 45 (base 14) to base 13.
49
-1100111 (base 2) to base 8
-147
Convert -3329 (base 12) to base 5.
-140044
Convert -201220 (base 3) to base 15.
-25c
Convert 733 (base 12) to base 13.
627
What is 110d3 (base 15) in base 6?
1054530
What is 4470 (base 8) in base 11?
1856
Convert -4425 (base 7) to base 14.
-815
Convert 2007 (base 8) to base 3.
1102012
What is -5731 (base 8) in base 2?
-101111011001
Convert -c03 (base 15) to base 13.
-12cc
1000001111001000 (base 2) to base 4
20033020
5899 (base 13) to base 2
11000010101111
What is -1330 (base 13) in base 7?
-106